3*-2*x/30 is divided by 9?
3
Suppose -1298*m - 1037 = -1359*m. Calculate the remainder when m is divided by (-1 - 9*-1)*1.
1
Suppose 48*i = 50*i + 168*i - 53380. Suppose -3*d + 0*d = -3*n - 117, 3*d + 2*n = 97. Calculate the remainder when i is divided by d.
34
Let k = -2249 - -2310. Calculate the remainder when 10977 is divided by k.
58
Let r = 81997 - 81963. Suppose 4*m = -5*j + 65, -2*m + 2*j = -23 - 5. Let o = m - 7. Calculate the remainder when r is divided by o.
2
Suppose 2*h + 288 = 6*h. Let v = -18 + 30. Calculate the remainder when h is divided by (380/15)/(16/v).
15
Let l(w) = -w**2 + 29*w + 387. What is the remainder when l(33) is divided by 86?
83
Let w = -6849 + 7378. What is the remainder when w is divided by 250?
29
Let u(l) = 16*l + 15. Let y(x) = 17*x + 14. Let s be 2/(-4) + (-22)/(-4). Let p(i) = s*u(i) - 4*y(i). Calculate the remainder when p(0) is divided by 11.
8
Suppose 3*z + 81 = -5*h, -7*z - 55 = 3*h - 2*z. Let b = 22 + h. Suppose 3*o = 94 - b. Calculate the remainder when o is divided by 8.
5
Suppose -1422 = -15*o - 87. Suppose -8*q + 55 = -o. Calculate the remainder when 43 is divided by q.
7
Let j(i) = 9*i + 13. Let o be j(3). Suppose 8*y + o = 13*y. Suppose -y*u + 390 = -2*u. What is the remainder when u is divided by 19?
8
Let c(m) = -19*m. Let b be c(-1). Suppose 0 = -2*y + 39 + b. Calculate the remainder when ((-2163)/(-273) - 8) + (-4)/(52/(-703)) is divided by y.
25
Suppose -129 = -4*g - 85. Calculate the remainder when 1974 is divided by g.
5
Let u(y) = y**3 + y**2 - 3. Suppose -6*d + 3*d = 0. Let z be u(d). What is the remainder when 142 is divided by (z - 15/6)*(-2 - 0)?
10
Suppose 3*l - 5*a = -3 + 199, 2*l + 5*a - 139 = 0. What is the remainder when 1672 is divided by l?
64
Let k(n) = -10 + 2 - 1 - 3*n. Suppose 251*a - 3*o = 253*a - 63, -4*a + 98 = 2*o. What is the remainder when a is divided by k(-8)?
6
Suppose -33 = 3*k - 4*k. Suppose 0 = 5*b - 16 + 1. Suppose 0 = -b*j - 22 + 76. Calculate the remainder when k is divided by j.
15
Let l = 40 - 37. Let o be 8/(-28) - l/(-21)*387. Let n = -39 + o. What is the remainder when n is divided by 10?
6
Let l(k) = -k**3 + 8*k**2 + 7*k - 14. Let n be l(5). Let t = 58 + n. Calculate the remainder when t is divided by 21.
7
Suppose 0 = 190*y - 167*y - 989. What is the remainder when 44 is divided by y?
1
Suppose 2*q - 29 = -5*g, 12 = 3*q - 5*g - 19. Calculate the remainder when 12680 is divided by q.
8
Let q = -5541 + 7506. What is the remainder when q is divided by 103?
8
Let d(k) = -253*k**3 + 31*k + 30. What is the remainder when 670 is divided by d(-1)?
166
Suppose 6*b = 5*b + 19. Suppose -23*y = 29*y - 2652. What is the remainder when y is divided by b?
13
Let b be 3*33*6/54. Let d be 1300/35 + 1/(-7). Suppose d = n + b. What is the remainder when n is divided by 14?
12
Suppose 7711*o + 4888 = 7737*o. Calculate the remainder when 15602 is divided by o.
186
Let b = -2651 - -4061. What is the remainder when b is divided by 351?
6
Let t(a) = 3*a**2 + 16*a + 56. Let s be t(-5). Suppose -s = -q + 115. What is the remainder when q is divided by 49?
19
Suppose -2*w - 354 = 3*d, 2*w = -2*d - 207 - 149. Let j(q) = -5*q**2 - 1. Let n be j(-5). Let t = n - w. What is the remainder when t is divided by 5?
4
Suppose 4 = 3*l - l, 0 = 2*y + l - 16. Suppose -16*m = -y*m - 639. What is the remainder when m is divided by 37?
34
Let u be 266/(-11) + 16/88. Let q = u + 44. Let m = -51 + 128. Calculate the remainder when m is divided by q.
17
Let r be ((-63)/(-27) - 1)*3. Suppose 6*l - 389 = 3*l - p, -r*l + 5*p + 525 = 0. Calculate the remainder when l is divided by 23.
15
Let a(c) = -c**3 - 13*c**2 + 24*c + 50. Let y be a(-7). Let w = -353 - y. Calculate the remainder when 587 is divided by w.
56
Let t(a) = -a**2 + 13*a - 9. Let v(b) = -3*b**3 - 24*b**2 - 50*b - 25. Calculate the remainder when v(-6) is divided by t(8).
28
Suppose 5*k - 1750 + 383 = 2*i, 5*i = 2*k - 551. Suppose 12*v = -k + 633. What is the remainder when v is divided by 17?
13
Suppose -6 + 158 = 2*o + 4*q, 2*o - 176 = 2*q. Let n be ((-62)/6)/(7/(-42)). Let g = o - n. What is the remainder when g is divided by 8?
6
Let x(o) = o**3 + 2*o**2 + o + 1. Let f be x(-1). What is the remainder when -5 + f + 102/6 is divided by (-3)/(-12) + 57/12?
3
Let i(r) = -r**3 - 3*r**2 + 11*r + 18. Let k be i(-4). Calculate the remainder when 63 is divided by k/(-5*5/40).
15
Let i(s) = 3*s**2 - 7*s + 42. Suppose 4*q - 5*d + d - 16 = 0, 19 = 3*q + 4*d. What is the remainder when i(q) is divided by 28?
26
Suppose 4*b + 111 = 5*u, 3*u - 74 = 1637*b - 1642*b. What is the remainder when 4392 is divided by u?
22
Suppose 8*o + 48 = 5*o. Let p = 85 + -73. What is the remainder when p is divided by (2/1)/(o/(-56))?
5
Suppose 2*s + 4*r + 8 = 0, 4*r + 7 = s - 1. Suppose p = -5, s = -12*i + 9*i + 2*p + 1030. What is the remainder when i is divided by 19?
17
Let p(z) = -z**3 - 40*z**2 + 495*z - 220. What is the remainder when 99 is divided by p(-50)?
9
Let s = 581 - 573. Let v be (3/(-5))/((-3)/30). Calculate the remainder when v - 4/(-1)*2/s is divided by 5.
2
Suppose 14 = -2*v, -332*v + 327*v = -5*l + 1425. Calculate the remainder when 6126 is divided by l.
10
Suppose -398*k + 4194 + 1776 = 0. Calculate the remainder when 6313 is divided by k.
13
Let x(d) = -16*d + 397. Calculate the remainder when x(17) is divided by 29.
9
What is the remainder when (-1 - 917)*519/(-1557) is divided by 32?
18
Let f(s) = s**3 + 29*s**2 - s + 44. Let i be f(-29). Suppose 5*d = -2*v + 43, 8*v = 6*v + d + i. What is the remainder when 199 is divided by v?
29
Let b = -18 + 26. Let t = -3813 + 3813. Suppose t = -b*c + 12*c - 132. Calculate the remainder when c is divided by 12.
9
Suppose 37 = -x + 122. Calculate the remainder when (3/18)/((-11)/(-21450)) is divided by x.
70
Let d(w) = -5 + 0 - 8*w - w**2 + 4 + 4. Calculate the remainder when (-33)/(-22) + (-134)/(-4) is divided by d(-5).
17
Let p(b) = -3 + 2*b**2 + 3*b - 9*b + 11*b. Let c be p(-3). Suppose -2*v + c*l - 3*l + 63 = 0, 102 = 3*v + 2*l. Calculate the remainder when 106 is divided by v.
34
Let t(u) = -2*u**3 - 23*u**2 + 28*u + 73. What is the remainder when t(-13) is divided by 9?
0
Let d(f) = -f**2 - 10*f - 33. Suppose -7 = -10*z + 11*z. Let j be d(z). Calculate the remainder when (-764)/j + 2/6 is divided by 23.
18
Let p be 6/(-21) + 4260/14. Let d = -299 + p. Suppose -3*f + 2 + 7 = 0. What is the remainder when d is divided by f?
2
Suppose n = 4*n - 15. Suppose -71 = -n*k + 34. Suppose -10*l = -6*l - 240. Calculate the remainder when l is divided by k.
18
Let m(b) = -b**2 + 3*b + 2. Let c be m(3). Suppose 4*u + 5*t - 78 = -0*u, -3*u + c*t = -47. What is the remainder when 48 is divided by u?
14
Let q = 30097 + -29996. Calculate the remainder when 2726 is divided by q.
100
Suppose 96 = f - 3*k, -15*k + 17*k = 3*f - 239. Calculate the remainder when 730 is divided by f.
55
Let l(h) = h**3 + 3*h**2 - 15*h - 2. Let w = -13 + 8. What is the remainder when l(w) is divided by 7?
2
Let c = 21781 - 20658. Calculate the remainder when c is divided by 89.
55
Let d = -807 - -808. Let m(r) = -23*r**3 + r**2 + r. Calculate the remainder when m(-1) is divided by d.
0
Suppose 0 = -2*u + 5 - 43. Let n = 32 - 14. Calculate the remainder when n is divided by 3 - (3 - 1)/(u/76).
7
Let t = 92 + 122. Suppose -2*f - f - 422 = -2*d, 3*f = d - t. Calculate the remainder when d is divided by 53.
49
Suppose -112*o - 520 = -46*o - 74*o. Calculate the remainder when 660 is divided by o.
10
Calculate the remainder when ((-167376)/(-45))/11 - (48/45)/8 is divided by 86.
80
Suppose -3334 - 806 = -30*l. Suppose x = 7*x - l. Suppose -27 = -4*y - 3. Calculate the remainder when x is divided by y.
5
Let k be ((-518)/56)/((-1)/4). Let g = k - 33. Suppose -g*w + 5*w - 5 = 0. What is the remainder when 6 is divided by w?
1
Let v(z) = 13*z**2 + 10*z - 3. Let n be v(7). Let g be (-1)/((-6)/(-30)) + (12 - -2). What is the remainder when 3/g + n/12 is divided by 5?
4
Suppose a - 5*x = -56 + 80, x - 48 = -a. Suppose a = 560*n - 556*n. What is the remainder when 12 is divided by n?
1
Let l(m) = 372*m - 1848. Calculate the remainder when 6812 is divided by l(5).
8
Suppose -1276 = -2*t - 8*f + 4*f, 0 = 3*t + 10*f - 1938. Calculate the remainder 